 the remainder when 7 is divided by u?
2
Let c = 179 - 157. Calculate the remainder when c is divided by 5.
2
Let a = 129 + -117. Calculate the remainder when 33 is divided by a.
9
Let z = -9 + 15. Let q(x) = -x**3 - 2*x**2. Let f be q(2). Let s = -5 - f. What is the remainder when s is divided by z?
5
What is the remainder when 64 is divided by 4/(-6) - 136/(-6)?
20
Let f(o) = o**2 - o + 44. Suppose 5*t = 5*q + 90, -3*t + q - 5*q = -89. What is the remainder when f(0) is divided by t?
21
Suppose -5*v = 4*t - 95, 2*t - 2 = 8. Calculate the remainder when 26 is divided by v.
11
Let g be ((-68)/(-4) - 3)/(-2). Let a(k) = -3. Let w(v) = v - 6. Let x(b) = 5*a(b) - 3*w(b). Calculate the remainder when x(g) is divided by 13.
11
Let r = 1 + -7. Let t(i) = 9*i. Let h be t(r). Let f = h + 80. Calculate the remainder when f is divided by 14.
12
Let m = 22 + -19. Suppose p - 42 = -4*i, 3*i - 3 - 114 = -m*p. Calculate the remainder when p is divided by 20.
18
Let w = 1 - -3. What is the remainder when w is divided by ((-4)/5 - -1) + 9/5?
0
Suppose -p - 7 = 4*v, 3*p + 2*p = 5. What is the remainder when 25 is divided by 1/(4/60) + v?
12
Suppose 0 = 2*h - h - 1. Let x = 13 - h. What is the remainder when x is divided by (-1 + 22)*11/33?
5
Suppose u + u = 2*g - 4, 0 = -g + 4. Calculate the remainder when 13 is divided by -1 + 1 + u + 3.
3
Suppose -4*t - 7 = 3*h - 86, 116 = 5*t - 2*h. Calculate the remainder when 80 is divided by t.
14
Let n be 5 + -4 - 0/(-1). Let l be (n + 4)*(-1 + 21). Suppose -y - 17 = -2*m - 55, 0 = -4*y - 5*m + l. Calculate the remainder when y is divided by 16.
14
Let h(b) = -b**3 + 4*b**2 - 3. Let c be h(3). Suppose 3*z - y = 48, 2*z - c*z = -3*y - 59. Calculate the remainder when 83 is divided by z.
15
Let p = 12 - 12. Suppose p = -0*k + k - 93. What is the remainder when k is divided by 24?
21
Let u(w) = -w + 2. Let c(r) = r - 1. Let j(i) = -3*c(i) - u(i). Calculate the remainder when 43 is divided by j(-5).
10
Suppose 0 = -n + 5*f, 0 = -0*n + 4*n - 5*f - 15. Let b(c) = -c**3 - 4*c**2 + 9*c + 1. What is the remainder when b(-6) is divided by n?
4
Let i(v) = v + v**3 - v + v + 1 - 3*v**2. Let x be i(5). Suppose 0 = -5*p + x + 24. What is the remainder when p is divided by 9?
7
Suppose 2*p + 33 - 9 = 0. What is the remainder when (-2)/(-6) + (-260)/p is divided by 8?
6
Suppose 14*p - 9*p - 1360 = 0. What is the remainder when p is divided by 55?
52
Suppose 6*p - 29 = 7. What is the remainder when p is divided by 3?
0
Let q(g) = -6*g + 2. Let s be q(-3). Suppose -7*z = -3*z + s. Let h(i) = i**3 + 8*i**2 + 7*i + 6. Calculate the remainder when h(z) is divided by 16.
14
Let m = -8 - -14. Let t(s) = -s + 2*s**3 - 3*s**2 - s**3 + 7*s**2. What is the remainder when t(-2) is divided by m?
4
Calculate the remainder when 148 is divided by 8 - (-11)/((-44)/8).
4
Let d = -93 + 139. Calculate the remainder when d is divided by 16.
14
Let a = -149 - -345. Suppose 6*s + 20 = s, -2*y + 4*s = -a. What is the remainder when y is divided by 23?
21
Let v = 12 + -1. Let l = 5 - 2. What is the remainder when v is divided by l?
2
Suppose 5*k - 46 = -6. Suppose 2*f - 18 - k = 0. Calculate the remainder when 49 is divided by f.
10
Suppose 2*s - 186 = 4*y, -y = y + 10. Let w be 51/(-2 - (-2)/4). Let x = s + w. What is the remainder when x is divided by 17?
15
Let h = 1 + 34. Suppose 0 = 4*k - h - 17. What is the remainder when -2 - (-6)/4*34 is divided by k?
10
Suppose 0*w - 6 = -3*w. Suppose -b - w*v = 2 - 42, -3*b + 114 = 3*v. What is the remainder when b is divided by 19?
17
Let h = 63 - 34. What is the remainder when h is divided by 6?
5
Let i = -73 + 81. Calculate the remainder when 31 is divided by i.
7
Suppose 0*x - 51 = 3*x. What is the remainder when 4*x/(-2) + 2 is divided by 19?
17
Suppose -17*p + 21*p - 88 = 0. What is the remainder when p is divided by 8?
6
Suppose 84 = 5*y - 0*y + 4*z, -12 = 3*z. Let k(w) = -12*w - 38. Calculate the remainder when k(-8) is divided by y.
18
Suppose 4*w = 2*w. Suppose -6*z + z + 20 = w, -b + 5*z = -1. Let f = -28 - -39. What is the remainder when b is divided by f?
10
Let w = 207 + -114. Calculate the remainder when w is divided by 47.
46
Let b(z) = z + 14. Let m be b(-7). Suppose -6*j + j - 7 = -w, j - m = -w. Calculate the remainder when 11 is divided by w.
4
Let t(p) = p**2 + 5*p + 1. Let v be t(-5). Let g = v - 4. What is the remainder when 2*g/18*-57 is divided by 10?
9
Suppose p = x + 21, 4*x = 2*p - 32 - 2. Calculate the remainder when 98 is divided by p.
23
Suppose 4*k + 94 = -0*q + 2*q, -16 = k + 2*q. Let j = k + -9. Calculate the remainder when 30 is divided by j/(-2) - (-4)/8.
14
Let j = -12 - -20. Let h = j + 2. Let m(x) = -28*x + 1. What is the remainder when m(-1) is divided by h?
9
Let r(j) = -j**2 + 15*j - 26. Suppose -6*x + 114 = -3*x. Calculate the remainder when x is divided by r(12).
8
Let f = -25 + 29. Calculate the remainder when 15 is divided by f.
3
What is the remainder when 10 + 5 + 2/(-2) is divided by 5?
4
Suppose 4*i - p = 6*i - 244, 5*i + 3*p = 611. What is the remainder when i is divided by 41?
39
Suppose 0 = 3*s - 2*s - 39. Calculate the remainder when 150 is divided by s.
33
Let h(r) = r**3 + 10*r**2 + 9*r - 1. Let n be h(-9). Let i = 9 + n. What is the remainder when 29 is divided by i?
5
What is the remainder when 42 is divided by (4*23/12)/((-1)/(-3))?
19
Suppose w - 2*w = 5*c - 2, 3*w + 3*c = -54. Let t(g) = 2*g**2 - 4*g - 4. Let l be t(6). Let u = w + l. What is the remainder when u is divided by 11?
10
Let u = 34 - 20. Let g be (-90)/(-21) + (-4)/u. Let v = -3 + g. What is the remainder when 1 is divided by v?
0
Suppose -3 = -k, -3*d + 4*k = 1 - 34. What is the remainder when 44 is divided by d?
14
Let c(q) = -4*q + 16. Suppose -s + 2*s = 11. What is the remainder when c(-4) is divided by s?
10
Suppose -13*u + 17*u - 60 = 0. Calculate the remainder when 87 is divided by u.
12
Suppose 3*x + 11 = -z, -2*x + 6*x + z = -16. Calculate the remainder when 9 - (-4 - (3 + x)) is divided by 4.
3
Let a(t) = -5*t + 5. Let j be a(-5). What is the remainder when (j/(-4))/(3/(-4)) is divided by -6*6/(-9)*1?
2
Let b be 4 + 1 + (-3 - 0). Let s(f) = -2 + 2*f**2 + 6*f**2 - 4*f**2 + 4*f**2. Calculate the remainder when s(b) is divided by 8.
6
Let l be 2/(1 + 1/(-2)). Suppose -4*v + 8 = l*k, 0*k - 5*v = 3*k. What is the remainder when 19 is divided by k?
4
What is the remainder when 34 is divided by 10 - (-1 + -2)/(-3)?
7
Suppose 5*n = 2*c + 339, 0*n + 193 = 3*n + 4*c. Let g = -71 + 24. Let p = g + n. Calculate the remainder when p is divided by 7.
6
Let z = -27 + 14. Let q = -8 - z. Calculate the remainder when 13 is divided by q.
3
Suppose -5*y - 5*o - 15 = 0, -3*y + 4*y = 5*o + 27. What is the remainder when 8 is divided by y?
0
Let u = -4 + 7. Let h(m) = -m**2 - 5*m - 5. Let z be h(-5). Let j = z + 10. What is the remainder when j is divided by u?
2
Let s be (-4)/3*-15 + -1. Let g = s - 13. Suppose 0 = h - 2*t - 15 - 7, -3 = t. What is the remainder when h is divided by g?
4
Let d(j) = -4*j + 3. Let l be d(13). Let x = l + 69. Calculate the remainder when x is divided by 11.
9
Let k(a) = a**2 + 5*a + 3. Let f be k(-5). Suppose -129 = -f*z - 27. Calculate the remainder when z is divided by 12.
10
Let b = 12 - -6. Suppose 0 = -4*t - 3*l + 77, 2*l + l = -3*t + 60. Let g = b + t. What is the remainder when g is divided by 12?
11
Let q(t) = -t + 17. Let a(n) = n**3 + n**2 + n + 7. Let f = -4 + 4. Let i be a(f). What is the remainder when 18 is divided by q(i)?
8
Calculate the remainder when 75 is divided by ((-2)/(-8))/((-22)/(-1144)).
10
Suppose -3*k - 4 = -16. Calculate the remainder when k is divided by 3.
1
Let x be (-2)/6 - (-13)/3. Suppose 23 = x*i + k, 5*i - k - 18 - 4 = 0. What is the remainder when 12 is divided by i?
2
Let p = 0 + 14. Calculate the remainder when 96 is divided by p.
12
Let m = 69 + -63. Calculate the remainder when 45 is divided by m.
3
Calculate the remainder when (-86)/(-1) - (-10)/(-5) is divided by 15.
9
What is the remainder when 34 is divided by ((-2)/(-6))/((-20)/(-1140))?
15
Suppose u - 1 = 6. Let a be 31/4 + (-2)/(-8). What is the remainder when a/36 + 106/9 is divided by u?
5
Suppose 2*n = -2*n + 72. Calculate the remainder when n is divided by 4.
2
Suppos